 of 36742338?
2, 3, 17, 167, 719
What are the prime factors of 42393840?
2, 3, 5, 176641
What are the prime factors of 269747472?
2, 3, 5619739
List the prime factors of 8599551.
3, 127, 22571
What are the prime factors of 11332652?
2, 23, 199, 619
List the prime factors of 82054649.
82054649
List the prime factors of 45474447.
3, 15158149
List the prime factors of 95846053.
1999, 47947
List the prime factors of 3025351406.
2, 7, 11, 53, 370663
List the prime factors of 11817475.
5, 43, 10993
What are the prime factors of 37370159?
31, 1205489
List the prime factors of 33471482.
2, 11, 197, 7723
What are the prime factors of 681809354?
2, 47, 599, 12109
What are the prime factors of 388153480?
2, 5, 11, 13, 31, 199
What are the prime factors of 4539788601?
3, 311, 4865797
List the prime factors of 392052543.
3, 43, 1069, 2843
What are the prime factors of 50502729?
3, 1283, 13121
List the prime factors of 1060580609.
11, 79, 110951
What are the prime factors of 79549524?
2, 3, 79, 83, 337
What are the prime factors of 54635406?
2, 3, 7, 1300843
What are the prime factors of 3126649518?
2, 3, 79, 732923
What are the prime factors of 42217756?
2, 7, 653, 2309
List the prime factors of 177736869.
3, 6582847
What are the prime factors of 57178006?
2, 509, 56167
List the prime factors of 161891216.
2, 43, 235307
List the prime factors of 239153125.
5, 103, 743
What are the prime factors of 67863325?
5, 409, 6637
List the prime factors of 723200574.
2, 3, 43, 2803103
What are the prime factors of 642686633?
37, 469457
List the prime factors of 894783520.
2, 5, 1367, 4091
List the prime factors of 308715409.
308715409
What are the prime factors of 6722567317?
6722567317
What are the prime factors of 44134012?
2, 13, 65287
What are the prime factors of 1083042442?
2, 79, 97, 70667
What are the prime factors of 399225152?
2, 59, 105727
What are the prime factors of 241239698?
2, 7, 683, 25229
List the prime factors of 5194947319.
127, 40905097
What are the prime factors of 18109236?
2, 3, 347, 4349
What are the prime factors of 198540152?
2, 3491, 7109
List the prime factors of 428921103.
3, 13, 53, 207509
What are the prime factors of 40272408?
2, 3, 11, 50849
List the prime factors of 7740920147.
139, 55690073
List the prime factors of 460870695.
3, 5, 3413857
What are the prime factors of 70121915?
5, 53, 107, 2473
List the prime factors of 1081725870.
2, 3, 5, 36057529
What are the prime factors of 52216189?
1823, 28643
List the prime factors of 3914881660.
2, 5, 1733, 112951
What are the prime factors of 5437262362?
2, 7, 277, 200297
What are the prime factors of 42767051?
23, 401, 4637
What are the prime factors of 83268707?
2411, 34537
List the prime factors of 4977400325.
5, 103, 211, 9161
List the prime factors of 56374531.
56374531
List the prime factors of 57592717.
7, 13, 769, 823
What are the prime factors of 1043059951?
1043059951
List the prime factors of 129451533.
3, 79, 103, 5303
What are the prime factors of 742178370?
2, 3, 5, 24739279
What are the prime factors of 420865716?
2, 3, 4091, 8573
List the prime factors of 15480919.
79, 127, 1543
What are the prime factors of 965348322?
2, 3, 47, 1259, 2719
List the prime factors of 42748294.
2, 21374147
What are the prime factors of 959281902?
2, 3, 2803, 19013
What are the prime factors of 3330566831?
109, 281, 108739
What are the prime factors of 57061813?
57061813
List the prime factors of 104801668.
2, 17, 67, 23003
What are the prime factors of 3302394270?
2, 3, 5, 7, 179, 87853
List the prime factors of 2232659595.
3, 5, 1129, 131837
List the prime factors of 350233848.
2, 3, 47, 34499
List the prime factors of 42148111.
1213, 34747
List the prime factors of 4723104.
2, 3, 49199
List the prime factors of 378435101.
11, 34403191
What are the prime factors of 131754025?
5, 13, 53, 7649
What are the prime factors of 42792657?
3, 14264219
List the prime factors of 39664911.
3, 11, 13, 92459
List the prime factors of 31696588.
2, 7, 11, 102911
What are the prime factors of 119129890?
2, 5, 11, 1082999
What are the prime factors of 56254478?
2, 7, 19, 79, 2677
List the prime factors of 248399053.
7, 17, 2087387
List the prime factors of 66199207.
17, 157, 1459
What are the prime factors of 354491321?
107, 3313003
What are the prime factors of 17192386?
2, 8596193
List the prime factors of 2182508930.
2, 5, 7, 31178699
List the prime factors of 1577181449.
1577181449
List the prime factors of 893464825.
5, 11, 41, 109, 727
What are the prime factors of 125530233?
3, 37, 41, 27583
What are the prime factors of 5136473?
5136473
What are the prime factors of 1391132157?
3, 463710719
What are the prime factors of 162377085?
3, 5, 13, 832703
What are the prime factors of 26521557?
3, 73, 347, 349
List the prime factors of 561965352.
2, 3, 13, 41, 197, 223
List the prime factors of 299668356.
2, 3, 13, 61, 3499
What are the prime factors of 35099535?
3, 5, 2339969
List the prime factors of 43176757.
13, 3321289
List the prime factors of 1821252337.
1597, 1140421
List the prime factors of 117238656.
2, 3, 109, 2801
List the prime factors of 7792749.
3, 17, 31, 53
What are the prime factors of 2313979607?
23, 41, 709, 3461
List the prime factors of 575343826.
2, 19, 47, 61, 5281
What are the prime factors of 2299114019?
19, 2801, 43201
What are the prime factors of 1905081698?
2, 13, 2551, 28723
What are the prime factors of 1020422425?
5, 11, 3710627
What are the prime factors of 27079881?
3, 29, 107, 2909
List the prime factors of 4830797479.
23, 210034673
List the prime factors of 48513416.
2, 7, 866311
What are the prime factors of 25104964?
2, 101, 62141
What are the prime factors of 10987297?
193, 56929
List the prime factors of 1926776161.
139, 1709, 8111
What are the prime factors of 44111040?
2, 3, 5, 45949
What are the prime factors of 270473441?
7, 37, 1044299
What are the prime factors of 84878227?
7, 12125461
List the prime factors of 1324918445.
5, 1061, 249749
List the prime factors of 5681452389.
3, 5077, 373019
List the prime factors of 23580572.
2, 5895143
What are the prime factors of 1958586446?
2, 43, 373, 61057
What are the prime factors of 4013885209?
281, 14284289
List the prime factors of 3132601367.
7, 31, 14435951
What are the prime factors of 140536960?
2, 5, 17, 12917
List the prime factors of 336291862.
2, 47, 3577573
What are the prime factors of 3475526710?
2, 5, 347552671
List the prime factors of 63179604.
2, 3, 53, 33113
List the prime factors of 216653007.
3, 229, 315361
What are the prime factors of 2115207097?
31, 41, 967, 1721
What are the prime factors of 40070417?
151, 263, 1009
List the prime factors of 1690349124.
2, 3, 140862427
What are the prime factors of 43067204?
2, 29, 139, 2671
What are the prime factors of 23274559?
7, 11, 29, 1489
What are the prime factors of 98677438?
2, 49338719
List the prime factors of 130420813.
31, 1657, 2539
List the prime factors of 137497998.
2, 3, 11, 163, 12781
List the prime factors of 56626665.
3, 5, 197, 19163
What are the prime factors of 22338217?
11, 2030747
List the prime factors of 42107003.
193, 218171
What are the prime factors of 3278852213?
7, 13, 157, 229499
What are the prime factors of 7152514601?
17, 359, 1171967
List the prime factors of 1848261163.
7, 23, 883, 13001
What are the prime factors of 63308698?
2, 167, 189547
What are the prime factors of 118022758?
2, 7, 163, 51719
What are the prime factors of 79397946?
2, 3, 47, 93851
What are the prime factors of 36905436?
2, 3, 17, 20101
What are the prime factors of 2076000857?
7, 19, 47, 113, 2939
List the prime factors of 1115270647.
1115270647
What are the prime factors of 560239488?
2, 3, 17, 28607
What are the prime factors of 339626206?
2, 41, 83, 139, 359
List the prime factors of 1128653174.
2, 11, 2053, 24989
List the prime factors of 148324128.
2, 3, 1545043
List the prime factors of 793185046.
2, 396592523
List the prime factors of 3335163926.
2, 1667581963
What are the prime factors of 5723499490?
2, 5, 211, 2712559
What are the prime factors of 1821662194?
2, 11, 71, 1166237
List the prime factors of 175463020.
2, 5, 8773151
List the prime factors of 481847319.
3, 3011, 5927
List the prime factors of 40427260.
2, 5, 163, 12401
Li